{"id":4638,"date":"2024-05-02T12:28:13","date_gmt":"2024-05-02T10:28:13","guid":{"rendered":"https:\/\/creative-europe.lu\/?post_type=cuco_events&#038;p=4638"},"modified":"2024-05-02T12:28:13","modified_gmt":"2024-05-02T10:28:13","slug":"creative-europe-desk-europe-day-2024","status":"publish","type":"cuco_events","link":"https:\/\/creative-europe.lu\/fr\/event\/creative-europe-desk-europe-day-2024\/","title":{"rendered":"Creative Europe Desk @ Europe Day 2024"},"content":{"rendered":"<p><strong>May 9, 2024 | European Parliament, Kirchberg<\/strong><\/p>\n<p>The Creative Europe Desk Luxembourg (Culture &amp; MEDIA) will take part in the festivities on the occasion of Europe Day, which will be held on May 9 at the European Parliament in Kirchberg. You will find our stand inside the Konrad Adenauer building.<\/p>\n<p><strong>Between 12 p.m. and 6 p.m<\/strong>., you can visit the stands of the Democracy Village, go behind the scenes of the European Parliament and experience the opening of the largest interactive information center in the European Union, \u201cEuropa Experience\u201d!<\/p>\n<p><a href=\"https:\/\/luxembourg.representation.ec.europa.eu\/actualites-et-evenements\/evenements-0\/europe-day-2024-2024-05-09_fr?prefLang=en&amp;etrans=en\">More information<\/a><\/p>\n<hr \/>\n<p><strong>9 mai 2024 | Parlement europ\u00e9en, Kirchberg<\/strong><\/p>\n<p>Le bureau Europe cr\u00e9ative Luxembourg (Culture &amp; MEDIA) participera aux festivit\u00e9s \u00e0 l\u2019occasion de la journ\u00e9e de l\u2019Europe, qui se tiendront le 9 mai au Parlement europ\u00e9en, au Kirchberg. Vous trouverez notre stand \u00e0 l\u2019int\u00e9rieur du b\u00e2timent Konrad Adenauer.<\/p>\n<p><strong>Entre 12h et 18h<\/strong>, vous pouvez visiter les stands du Village de la D\u00e9mocratie, d\u00e9couvrir les coulisses du Parlement europ\u00e9en et vivre l\u2019ouverture du plus grand centre d\u2019information interactif de l\u2019Union europ\u00e9enne \u00ab Europa Exp\u00e9rience \u00bb !<\/p>\n<p><a href=\"http:\/\/mai 2024 | Parlement europ\u00e9en, Kirchberg   Le bureau Europe cr\u00e9ative Luxembourg (Culture &amp; MEDIA) participera aux festivit\u00e9s \u00e0 l\u2019occasion de la journ\u00e9e de l\u2019Europe, qui se tiendront le 9 mai au Parlement europ\u00e9en, au Kirchberg. Vous trouverez notre stand \u00e0 l\u2019int\u00e9rieur du b\u00e2timent Konrad Adenauer.  Entre 12h et 18h, vous pouvez visiter les stands du Village de la D\u00e9mocratie, d\u00e9couvrir les coulisses du Parlement europ\u00e9en et vivre l\u2019ouverture du plus grand centre d\u2019information interactif de l\u2019Union europ\u00e9enne \u00ab Europa Exp\u00e9rience \u00bb !  Plus d'informations\">Plus d&rsquo;informations<\/a><\/p>\n","protected":false},"excerpt":{"rendered":"<p>May 9, 2024 | European Parliament, Kirchberg The Creative Europe Desk Luxembourg (Culture &amp; MEDIA) will take part in the festivities on the occasion of Europe Day, which will be held on May 9 at the European Parliament in Kirchberg. You will find our stand inside the Konrad Adenauer building. Between 12 p.m. and 6 [&hellip;]<\/p>\n","protected":false},"featured_media":4639,"template":"","categories":[17,18,1],"event_category":[24],"language":[888,54,55,53,56],"event_organisator":[884],"sectors":[39],"class_list":["post-4638","cuco_events","type-cuco_events","status-publish","has-post-thumbnail","hentry","category-media","category-culture","category-cross-sectoral","event_category-stand-at-fair-festival","language-luxembourgish","language-english","language-french","language-german","language-other","event_organisator-european-commission-in-luxembourg","sectors-multidisciplinary"],"acf":[],"yoast_head":"<!-- This site is optimized with the Yoast SEO plugin v27.3 - https:\/\/yoast.com\/product\/yoast-seo-wordpress\/ -->\n<title>Creative Europe Desk @ Europe Day 2024 - Creative Europe<\/title>\n<meta name=\"robots\" content=\"index, follow, max-snippet:-1, max-image-preview:large, max-video-preview:-1\" \/>\n<link rel=\"canonical\" href=\"https:\/\/creative-europe.lu\/fr\/event\/creative-europe-desk-europe-day-2024\/\" \/>\n<meta property=\"og:locale\" content=\"fr_FR\" \/>\n<meta property=\"og:type\" content=\"article\" \/>\n<meta property=\"og:title\" content=\"Creative Europe Desk @ Europe Day 2024 - Creative Europe\" \/>\n<meta property=\"og:description\" content=\"May 9, 2024 | European Parliament, Kirchberg The Creative Europe Desk Luxembourg (Culture &amp; MEDIA) will take part in the festivities on the occasion of Europe Day, which will be held on May 9 at the European Parliament in Kirchberg. You will find our stand inside the Konrad Adenauer building. Between 12 p.m. and 6 [&hellip;]\" \/>\n<meta property=\"og:url\" content=\"https:\/\/creative-europe.lu\/fr\/event\/creative-europe-desk-europe-day-2024\/\" \/>\n<meta property=\"og:site_name\" content=\"Creative Europe\" \/>\n<meta property=\"og:image\" content=\"https:\/\/creative-europe.lu\/wp-content\/uploads\/2024\/05\/Europe-Day-2024_Instagram-Post-2_FR.jpg\" \/>\n\t<meta property=\"og:image:width\" content=\"1080\" \/>\n\t<meta property=\"og:image:height\" content=\"1080\" \/>\n\t<meta property=\"og:image:type\" content=\"image\/jpeg\" \/>\n<meta name=\"twitter:card\" content=\"summary_large_image\" \/>\n<meta name=\"twitter:label1\" content=\"Dur\u00e9e de lecture estim\u00e9e\" \/>\n\t<meta name=\"twitter:data1\" content=\"1 minute\" \/>\n<script type=\"application\/ld+json\" class=\"yoast-schema-graph\">{\"@context\":\"https:\\\/\\\/schema.org\",\"@graph\":[{\"@type\":\"WebPage\",\"@id\":\"https:\\\/\\\/creative-europe.lu\\\/fr\\\/event\\\/creative-europe-desk-europe-day-2024\\\/\",\"url\":\"https:\\\/\\\/creative-europe.lu\\\/fr\\\/event\\\/creative-europe-desk-europe-day-2024\\\/\",\"name\":\"Creative Europe Desk @ Europe Day 2024 - Creative Europe\",\"isPartOf\":{\"@id\":\"https:\\\/\\\/creative-europe.lu\\\/fr\\\/#website\"},\"primaryImageOfPage\":{\"@id\":\"https:\\\/\\\/creative-europe.lu\\\/fr\\\/event\\\/creative-europe-desk-europe-day-2024\\\/#primaryimage\"},\"image\":{\"@id\":\"https:\\\/\\\/creative-europe.lu\\\/fr\\\/event\\\/creative-europe-desk-europe-day-2024\\\/#primaryimage\"},\"thumbnailUrl\":\"https:\\\/\\\/creative-europe.lu\\\/wp-content\\\/uploads\\\/2024\\\/05\\\/Europe-Day-2024_Instagram-Post-2_FR.jpg\",\"datePublished\":\"2024-05-02T10:28:13+00:00\",\"breadcrumb\":{\"@id\":\"https:\\\/\\\/creative-europe.lu\\\/fr\\\/event\\\/creative-europe-desk-europe-day-2024\\\/#breadcrumb\"},\"inLanguage\":\"fr-FR\",\"potentialAction\":[{\"@type\":\"ReadAction\",\"target\":[\"https:\\\/\\\/creative-europe.lu\\\/fr\\\/event\\\/creative-europe-desk-europe-day-2024\\\/\"]}]},{\"@type\":\"ImageObject\",\"inLanguage\":\"fr-FR\",\"@id\":\"https:\\\/\\\/creative-europe.lu\\\/fr\\\/event\\\/creative-europe-desk-europe-day-2024\\\/#primaryimage\",\"url\":\"https:\\\/\\\/creative-europe.lu\\\/wp-content\\\/uploads\\\/2024\\\/05\\\/Europe-Day-2024_Instagram-Post-2_FR.jpg\",\"contentUrl\":\"https:\\\/\\\/creative-europe.lu\\\/wp-content\\\/uploads\\\/2024\\\/05\\\/Europe-Day-2024_Instagram-Post-2_FR.jpg\",\"width\":1080,\"height\":1080},{\"@type\":\"BreadcrumbList\",\"@id\":\"https:\\\/\\\/creative-europe.lu\\\/fr\\\/event\\\/creative-europe-desk-europe-day-2024\\\/#breadcrumb\",\"itemListElement\":[{\"@type\":\"ListItem\",\"position\":1,\"name\":\"Home\",\"item\":\"https:\\\/\\\/creative-europe.lu\\\/fr\\\/home\\\/\"},{\"@type\":\"ListItem\",\"position\":2,\"name\":\"Creative Europe Desk @ Europe Day 2024\"}]},{\"@type\":\"WebSite\",\"@id\":\"https:\\\/\\\/creative-europe.lu\\\/fr\\\/#website\",\"url\":\"https:\\\/\\\/creative-europe.lu\\\/fr\\\/\",\"name\":\"Creative Europe\",\"description\":\"\",\"publisher\":{\"@id\":\"https:\\\/\\\/creative-europe.lu\\\/fr\\\/#organization\"},\"potentialAction\":[{\"@type\":\"SearchAction\",\"target\":{\"@type\":\"EntryPoint\",\"urlTemplate\":\"https:\\\/\\\/creative-europe.lu\\\/fr\\\/?s={search_term_string}\"},\"query-input\":{\"@type\":\"PropertyValueSpecification\",\"valueRequired\":true,\"valueName\":\"search_term_string\"}}],\"inLanguage\":\"fr-FR\"},{\"@type\":\"Organization\",\"@id\":\"https:\\\/\\\/creative-europe.lu\\\/fr\\\/#organization\",\"name\":\"Creative Europe | Desk Luxembourg\",\"url\":\"https:\\\/\\\/creative-europe.lu\\\/fr\\\/\",\"logo\":{\"@type\":\"ImageObject\",\"inLanguage\":\"fr-FR\",\"@id\":\"https:\\\/\\\/creative-europe.lu\\\/fr\\\/#\\\/schema\\\/logo\\\/image\\\/\",\"url\":\"https:\\\/\\\/creative-europe.lu\\\/wp-content\\\/uploads\\\/2021\\\/12\\\/ce_desklux_blue_logo.png\",\"contentUrl\":\"https:\\\/\\\/creative-europe.lu\\\/wp-content\\\/uploads\\\/2021\\\/12\\\/ce_desklux_blue_logo.png\",\"width\":2476,\"height\":527,\"caption\":\"Creative Europe | Desk Luxembourg\"},\"image\":{\"@id\":\"https:\\\/\\\/creative-europe.lu\\\/fr\\\/#\\\/schema\\\/logo\\\/image\\\/\"}}]}<\/script>\n<!-- \/ Yoast SEO plugin. -->","yoast_head_json":{"title":"Creative Europe Desk @ Europe Day 2024 - Creative Europe","robots":{"index":"index","follow":"follow","max-snippet":"max-snippet:-1","max-image-preview":"max-image-preview:large","max-video-preview":"max-video-preview:-1"},"canonical":"https:\/\/creative-europe.lu\/fr\/event\/creative-europe-desk-europe-day-2024\/","og_locale":"fr_FR","og_type":"article","og_title":"Creative Europe Desk @ Europe Day 2024 - Creative Europe","og_description":"May 9, 2024 | European Parliament, Kirchberg The Creative Europe Desk Luxembourg (Culture &amp; MEDIA) will take part in the festivities on the occasion of Europe Day, which will be held on May 9 at the European Parliament in Kirchberg. You will find our stand inside the Konrad Adenauer building. Between 12 p.m. and 6 [&hellip;]","og_url":"https:\/\/creative-europe.lu\/fr\/event\/creative-europe-desk-europe-day-2024\/","og_site_name":"Creative Europe","og_image":[{"width":1080,"height":1080,"url":"https:\/\/creative-europe.lu\/wp-content\/uploads\/2024\/05\/Europe-Day-2024_Instagram-Post-2_FR.jpg","type":"image\/jpeg"}],"twitter_card":"summary_large_image","twitter_misc":{"Dur\u00e9e de lecture estim\u00e9e":"1 minute"},"schema":{"@context":"https:\/\/schema.org","@graph":[{"@type":"WebPage","@id":"https:\/\/creative-europe.lu\/fr\/event\/creative-europe-desk-europe-day-2024\/","url":"https:\/\/creative-europe.lu\/fr\/event\/creative-europe-desk-europe-day-2024\/","name":"Creative Europe Desk @ Europe Day 2024 - Creative Europe","isPartOf":{"@id":"https:\/\/creative-europe.lu\/fr\/#website"},"primaryImageOfPage":{"@id":"https:\/\/creative-europe.lu\/fr\/event\/creative-europe-desk-europe-day-2024\/#primaryimage"},"image":{"@id":"https:\/\/creative-europe.lu\/fr\/event\/creative-europe-desk-europe-day-2024\/#primaryimage"},"thumbnailUrl":"https:\/\/creative-europe.lu\/wp-content\/uploads\/2024\/05\/Europe-Day-2024_Instagram-Post-2_FR.jpg","datePublished":"2024-05-02T10:28:13+00:00","breadcrumb":{"@id":"https:\/\/creative-europe.lu\/fr\/event\/creative-europe-desk-europe-day-2024\/#breadcrumb"},"inLanguage":"fr-FR","potentialAction":[{"@type":"ReadAction","target":["https:\/\/creative-europe.lu\/fr\/event\/creative-europe-desk-europe-day-2024\/"]}]},{"@type":"ImageObject","inLanguage":"fr-FR","@id":"https:\/\/creative-europe.lu\/fr\/event\/creative-europe-desk-europe-day-2024\/#primaryimage","url":"https:\/\/creative-europe.lu\/wp-content\/uploads\/2024\/05\/Europe-Day-2024_Instagram-Post-2_FR.jpg","contentUrl":"https:\/\/creative-europe.lu\/wp-content\/uploads\/2024\/05\/Europe-Day-2024_Instagram-Post-2_FR.jpg","width":1080,"height":1080},{"@type":"BreadcrumbList","@id":"https:\/\/creative-europe.lu\/fr\/event\/creative-europe-desk-europe-day-2024\/#breadcrumb","itemListElement":[{"@type":"ListItem","position":1,"name":"Home","item":"https:\/\/creative-europe.lu\/fr\/home\/"},{"@type":"ListItem","position":2,"name":"Creative Europe Desk @ Europe Day 2024"}]},{"@type":"WebSite","@id":"https:\/\/creative-europe.lu\/fr\/#website","url":"https:\/\/creative-europe.lu\/fr\/","name":"Creative Europe","description":"","publisher":{"@id":"https:\/\/creative-europe.lu\/fr\/#organization"},"potentialAction":[{"@type":"SearchAction","target":{"@type":"EntryPoint","urlTemplate":"https:\/\/creative-europe.lu\/fr\/?s={search_term_string}"},"query-input":{"@type":"PropertyValueSpecification","valueRequired":true,"valueName":"search_term_string"}}],"inLanguage":"fr-FR"},{"@type":"Organization","@id":"https:\/\/creative-europe.lu\/fr\/#organization","name":"Creative Europe | Desk Luxembourg","url":"https:\/\/creative-europe.lu\/fr\/","logo":{"@type":"ImageObject","inLanguage":"fr-FR","@id":"https:\/\/creative-europe.lu\/fr\/#\/schema\/logo\/image\/","url":"https:\/\/creative-europe.lu\/wp-content\/uploads\/2021\/12\/ce_desklux_blue_logo.png","contentUrl":"https:\/\/creative-europe.lu\/wp-content\/uploads\/2021\/12\/ce_desklux_blue_logo.png","width":2476,"height":527,"caption":"Creative Europe | Desk Luxembourg"},"image":{"@id":"https:\/\/creative-europe.lu\/fr\/#\/schema\/logo\/image\/"}}]}},"_links":{"self":[{"href":"https:\/\/creative-europe.lu\/fr\/wp-json\/wp\/v2\/cuco_events\/4638","targetHints":{"allow":["GET"]}}],"collection":[{"href":"https:\/\/creative-europe.lu\/fr\/wp-json\/wp\/v2\/cuco_events"}],"about":[{"href":"https:\/\/creative-europe.lu\/fr\/wp-json\/wp\/v2\/types\/cuco_events"}],"version-history":[{"count":1,"href":"https:\/\/creative-europe.lu\/fr\/wp-json\/wp\/v2\/cuco_events\/4638\/revisions"}],"predecessor-version":[{"id":4641,"href":"https:\/\/creative-europe.lu\/fr\/wp-json\/wp\/v2\/cuco_events\/4638\/revisions\/4641"}],"wp:featuredmedia":[{"embeddable":true,"href":"https:\/\/creative-europe.lu\/fr\/wp-json\/wp\/v2\/media\/4639"}],"wp:attachment":[{"href":"https:\/\/creative-europe.lu\/fr\/wp-json\/wp\/v2\/media?parent=4638"}],"wp:term":[{"taxonomy":"category","embeddable":true,"href":"https:\/\/creative-europe.lu\/fr\/wp-json\/wp\/v2\/categories?post=4638"},{"taxonomy":"event_category","embeddable":true,"href":"https:\/\/creative-europe.lu\/fr\/wp-json\/wp\/v2\/event_category?post=4638"},{"taxonomy":"language","embeddable":true,"href":"https:\/\/creative-europe.lu\/fr\/wp-json\/wp\/v2\/language?post=4638"},{"taxonomy":"event_organisator","embeddable":true,"href":"https:\/\/creative-europe.lu\/fr\/wp-json\/wp\/v2\/event_organisator?post=4638"},{"taxonomy":"sectors","embeddable":true,"href":"https:\/\/creative-europe.lu\/fr\/wp-json\/wp\/v2\/sectors?post=4638"}],"curies":[{"name":"wp","href":"https:\/\/api.w.org\/{rel}","templated":true}]}}

<p><strong>May 9, 2024 | European Parliament, Kirchberg</strong></p>
<p>The Creative Europe Desk Luxembourg (Culture &amp; MEDIA) will take part in the festivities on the occasion of Europe Day, which will be held on May 9 at the European Parliament in Kirchberg. You will find our stand inside the Konrad Adenauer building.</p>
<p><strong>Between 12 p.m. and 6 p.m</strong>., you can visit the stands of the Democracy Village, go behind the scenes of the European Parliament and experience the opening of the largest interactive information center in the European Union, “Europa Experience”!</p>
<p><a href="https://luxembourg.representation.ec.europa.eu/actualites-et-evenements/evenements-0/europe-day-2024-2024-05-09_fr?prefLang=en&amp;etrans=en">More information</a></p>
<hr />
<p><strong>9 mai 2024 | Parlement européen, Kirchberg</strong></p>
<p>Le bureau Europe créative Luxembourg (Culture &amp; MEDIA) participera aux festivités à l’occasion de la journée de l’Europe, qui se tiendront le 9 mai au Parlement européen, au Kirchberg. Vous trouverez notre stand à l’intérieur du bâtiment Konrad Adenauer.</p>
<p><strong>Entre 12h et 18h</strong>, vous pouvez visiter les stands du Village de la Démocratie, découvrir les coulisses du Parlement européen et vivre l’ouverture du plus grand centre d’information interactif de l’Union européenne « Europa Expérience » !</p>
<p><a href="http://mai 2024 | Parlement européen, Kirchberg   Le bureau Europe créative Luxembourg (Culture &amp; MEDIA) participera aux festivités à l’occasion de la journée de l’Europe, qui se tiendront le 9 mai au Parlement européen, au Kirchberg. Vous trouverez notre stand à l’intérieur du bâtiment Konrad Adenauer.  Entre 12h et 18h, vous pouvez visiter les stands du Village de la Démocratie, découvrir les coulisses du Parlement européen et vivre l’ouverture du plus grand centre d’information interactif de l’Union européenne « Europa Expérience » !  Plus d'informations">Plus d&rsquo;informations</a></p>

<!-- This site is optimized with the Yoast SEO plugin v27.3 - https://yoast.com/product/yoast-seo-wordpress/ -->
<title>Creative Europe Desk @ Europe Day 2024 - Creative Europe</title>
<meta name="robots" content="index, follow, max-snippet:-1, max-image-preview:large, max-video-preview:-1" />
<link rel="canonical" href="https://creative-europe.lu/fr/event/creative-europe-desk-europe-day-2024/" />
<meta property="og:locale" content="fr_FR" />
<meta property="og:type" content="article" />
<meta property="og:title" content="Creative Europe Desk @ Europe Day 2024 - Creative Europe" />
<meta property="og:description" content="May 9, 2024 | European Parliament, Kirchberg The Creative Europe Desk Luxembourg (Culture &amp; MEDIA) will take part in the festivities on the occasion of Europe Day, which will be held on May 9 at the European Parliament in Kirchberg. You will find our stand inside the Konrad Adenauer building. Between 12 p.m. and 6 [&hellip;]" />
<meta property="og:url" content="https://creative-europe.lu/fr/event/creative-europe-desk-europe-day-2024/" />
<meta property="og:site_name" content="Creative Europe" />
<meta property="og:image" content="https://creative-europe.lu/wp-content/uploads/2024/05/Europe-Day-2024_Instagram-Post-2_FR.jpg" />
	<meta property="og:image:width" content="1080" />
	<meta property="og:image:height" content="1080" />
	<meta property="og:image:type" content="image/jpeg" />
<meta name="twitter:card" content="summary_large_image" />
<meta name="twitter:label1" content="Durée de lecture estimée" />
	<meta name="twitter:data1" content="1 minute" />
<script type="application/ld+json" class="yoast-schema-graph">{"@context":"https:\/\/schema.org","@graph":[{"@type":"WebPage","@id":"https:\/\/creative-europe.lu\/fr\/event\/creative-europe-desk-europe-day-2024\/","url":"https:\/\/creative-europe.lu\/fr\/event\/creative-europe-desk-europe-day-2024\/","name":"Creative Europe Desk @ Europe Day 2024 - Creative Europe","isPartOf":{"@id":"https:\/\/creative-europe.lu\/fr\/#website"},"primaryImageOfPage":{"@id":"https:\/\/creative-europe.lu\/fr\/event\/creative-europe-desk-europe-day-2024\/#primaryimage"},"image":{"@id":"https:\/\/creative-europe.lu\/fr\/event\/creative-europe-desk-europe-day-2024\/#primaryimage"},"thumbnailUrl":"https:\/\/creative-europe.lu\/wp-content\/uploads\/2024\/05\/Europe-Day-2024_Instagram-Post-2_FR.jpg","datePublished":"2024-05-02T10:28:13+00:00","breadcrumb":{"@id":"https:\/\/creative-europe.lu\/fr\/event\/creative-europe-desk-europe-day-2024\/#breadcrumb"},"inLanguage":"fr-FR","potentialAction":[{"@type":"ReadAction","target":["https:\/\/creative-europe.lu\/fr\/event\/creative-europe-desk-europe-day-2024\/"]}]},{"@type":"ImageObject","inLanguage":"fr-FR","@id":"https:\/\/creative-europe.lu\/fr\/event\/creative-europe-desk-europe-day-2024\/#primaryimage","url":"https:\/\/creative-europe.lu\/wp-content\/uploads\/2024\/05\/Europe-Day-2024_Instagram-Post-2_FR.jpg","contentUrl":"https:\/\/creative-europe.lu\/wp-content\/uploads\/2024\/05\/Europe-Day-2024_Instagram-Post-2_FR.jpg","width":1080,"height":1080},{"@type":"BreadcrumbList","@id":"https:\/\/creative-europe.lu\/fr\/event\/creative-europe-desk-europe-day-2024\/#breadcrumb","itemListElement":[{"@type":"ListItem","position":1,"name":"Home","item":"https:\/\/creative-europe.lu\/fr\/home\/"},{"@type":"ListItem","position":2,"name":"Creative Europe Desk @ Europe Day 2024"}]},{"@type":"WebSite","@id":"https:\/\/creative-europe.lu\/fr\/#website","url":"https:\/\/creative-europe.lu\/fr\/","name":"Creative Europe","description":"","publisher":{"@id":"https:\/\/creative-europe.lu\/fr\/#organization"},"potentialAction":[{"@type":"SearchAction","target":{"@type":"EntryPoint","urlTemplate":"https:\/\/creative-europe.lu\/fr\/?s={search_term_string}"},"query-input":{"@type":"PropertyValueSpecification","valueRequired":true,"valueName":"search_term_string"}}],"inLanguage":"fr-FR"},{"@type":"Organization","@id":"https:\/\/creative-europe.lu\/fr\/#organization","name":"Creative Europe | Desk Luxembourg","url":"https:\/\/creative-europe.lu\/fr\/","logo":{"@type":"ImageObject","inLanguage":"fr-FR","@id":"https:\/\/creative-europe.lu\/fr\/#\/schema\/logo\/image\/","url":"https:\/\/creative-europe.lu\/wp-content\/uploads\/2021\/12\/ce_desklux_blue_logo.png","contentUrl":"https:\/\/creative-europe.lu\/wp-content\/uploads\/2021\/12\/ce_desklux_blue_logo.png","width":2476,"height":527,"caption":"Creative Europe | Desk Luxembourg"},"image":{"@id":"https:\/\/creative-europe.lu\/fr\/#\/schema\/logo\/image\/"}}]}</script>
<!-- / Yoast SEO plugin. -->
