{"version":"1.0","provider_name":"Creative Europe","provider_url":"https:\/\/creative-europe.lu\/fr\/","author_name":"Sami","author_url":"https:\/\/creative-europe.lu\/fr\/author\/sami\/","title":"Immersive Pavilion 2026 - Creative Europe","type":"rich","width":600,"height":338,"html":"<blockquote class=\"wp-embedded-content\" data-secret=\"4zTlcYU6Yw\"><a href=\"https:\/\/creative-europe.lu\/fr\/immersive-pavilion-2026\/\">Immersive Pavilion 2026<\/a><\/blockquote><iframe sandbox=\"allow-scripts\" security=\"restricted\" src=\"https:\/\/creative-europe.lu\/fr\/immersive-pavilion-2026\/embed\/#?secret=4zTlcYU6Yw\" width=\"600\" height=\"338\" title=\"\u00ab\u00a0Immersive Pavilion 2026\u00a0\u00bb &#8212; Creative Europe\" data-secret=\"4zTlcYU6Yw\" frameborder=\"0\" marginwidth=\"0\" marginheight=\"0\" scrolling=\"no\" class=\"wp-embedded-content\"><\/iframe><script>\n\/*! This file is auto-generated *\/\n!function(d,l){\"use strict\";l.querySelector&&d.addEventListener&&\"undefined\"!=typeof URL&&(d.wp=d.wp||{},d.wp.receiveEmbedMessage||(d.wp.receiveEmbedMessage=function(e){var t=e.data;if((t||t.secret||t.message||t.value)&&!\/[^a-zA-Z0-9]\/.test(t.secret)){for(var s,r,n,a=l.querySelectorAll('iframe[data-secret=\"'+t.secret+'\"]'),o=l.querySelectorAll('blockquote[data-secret=\"'+t.secret+'\"]'),c=new RegExp(\"^https?:$\",\"i\"),i=0;i<o.length;i++)o[i].style.display=\"none\";for(i=0;i<a.length;i++)s=a[i],e.source===s.contentWindow&&(s.removeAttribute(\"style\"),\"height\"===t.message?(1e3<(r=parseInt(t.value,10))?r=1e3:~~r<200&&(r=200),s.height=r):\"link\"===t.message&&(r=new URL(s.getAttribute(\"src\")),n=new URL(t.value),c.test(n.protocol))&&n.host===r.host&&l.activeElement===s&&(d.top.location.href=t.value))}},d.addEventListener(\"message\",d.wp.receiveEmbedMessage,!1),l.addEventListener(\"DOMContentLoaded\",function(){for(var e,t,s=l.querySelectorAll(\"iframe.wp-embedded-content\"),r=0;r<s.length;r++)(t=(e=s[r]).getAttribute(\"data-secret\"))||(t=Math.random().toString(36).substring(2,12),e.src+=\"#?secret=\"+t,e.setAttribute(\"data-secret\",t)),e.contentWindow.postMessage({message:\"ready\",secret:t},\"*\")},!1)))}(window,document);\n\/\/# sourceURL=https:\/\/creative-europe.lu\/wp-includes\/js\/wp-embed.min.js\n<\/script>\n","thumbnail_url":"https:\/\/creative-europe.lu\/wp-content\/uploads\/2026\/03\/Screenshot-2026-03-19-144146.png","thumbnail_width":487,"thumbnail_height":670,"description":"En tant que partenaire de cet \u00e9v\u00e9nement, le Desk Luxembourg\u00a0\u00a0\u00e9tait fier de s\u2019associer \u00e0 l\u2019\u00ab Immersive Pavilion 2026 \u00bb, pr\u00e9sent\u00e9 pour la premi\u00e8re fois dans trois lieux embl\u00e9matiques de la Ville de Luxembourg \u2013 neim\u00ebnster, le Mudam et la Villa Louvigny. Cette programmation r\u00e9unissait des \u0153uvres de pointe en r\u00e9alit\u00e9 virtuelle, augment\u00e9e et mixte, ainsi [&hellip;]"}

En tant que partenaire de cet événement, le Desk Luxembourg  était fier de s’associer à l’« Immersive Pavilion 2026 », présenté pour la première fois dans trois lieux emblématiques de la Ville de Luxembourg – neimënster, le Mudam et la Villa Louvigny. Cette programmation réunissait des œuvres de pointe en réalité virtuelle, augmentée et mixte, ainsi [&hellip;]
