{"version":"1.0","provider_name":"Creative Europe","provider_url":"https:\/\/creative-europe.lu\/fr\/","author_name":"Julie Mathieu","author_url":"https:\/\/creative-europe.lu\/fr\/author\/julie\/","title":"Webinaire | Circulation des oeuvres litt\u00e9raires europ\u00e9ennes - Creative Europe","type":"rich","width":600,"height":338,"html":"<blockquote class=\"wp-embedded-content\" data-secret=\"iGlBcF1URx\"><a href=\"https:\/\/creative-europe.lu\/fr\/event\/webinaire-circulation-des-oeuvres-litteraires-europeennes\/\">Webinaire | Circulation des oeuvres litt\u00e9raires europ\u00e9ennes<\/a><\/blockquote><iframe sandbox=\"allow-scripts\" security=\"restricted\" src=\"https:\/\/creative-europe.lu\/fr\/event\/webinaire-circulation-des-oeuvres-litteraires-europeennes\/embed\/#?secret=iGlBcF1URx\" width=\"600\" height=\"338\" title=\"\u00ab\u00a0Webinaire | Circulation des oeuvres litt\u00e9raires europ\u00e9ennes\u00a0\u00bb &#8212; Creative Europe\" data-secret=\"iGlBcF1URx\" frameborder=\"0\" marginwidth=\"0\" marginheight=\"0\" scrolling=\"no\" class=\"wp-embedded-content\"><\/iframe><script>\n\/*! This file is auto-generated *\/\n!function(d,l){\"use strict\";l.querySelector&&d.addEventListener&&\"undefined\"!=typeof URL&&(d.wp=d.wp||{},d.wp.receiveEmbedMessage||(d.wp.receiveEmbedMessage=function(e){var t=e.data;if((t||t.secret||t.message||t.value)&&!\/[^a-zA-Z0-9]\/.test(t.secret)){for(var s,r,n,a=l.querySelectorAll('iframe[data-secret=\"'+t.secret+'\"]'),o=l.querySelectorAll('blockquote[data-secret=\"'+t.secret+'\"]'),c=new RegExp(\"^https?:$\",\"i\"),i=0;i<o.length;i++)o[i].style.display=\"none\";for(i=0;i<a.length;i++)s=a[i],e.source===s.contentWindow&&(s.removeAttribute(\"style\"),\"height\"===t.message?(1e3<(r=parseInt(t.value,10))?r=1e3:~~r<200&&(r=200),s.height=r):\"link\"===t.message&&(r=new URL(s.getAttribute(\"src\")),n=new URL(t.value),c.test(n.protocol))&&n.host===r.host&&l.activeElement===s&&(d.top.location.href=t.value))}},d.addEventListener(\"message\",d.wp.receiveEmbedMessage,!1),l.addEventListener(\"DOMContentLoaded\",function(){for(var e,t,s=l.querySelectorAll(\"iframe.wp-embedded-content\"),r=0;r<s.length;r++)(t=(e=s[r]).getAttribute(\"data-secret\"))||(t=Math.random().toString(36).substring(2,12),e.src+=\"#?secret=\"+t,e.setAttribute(\"data-secret\",t)),e.contentWindow.postMessage({message:\"ready\",secret:t},\"*\")},!1)))}(window,document);\n\/\/# sourceURL=https:\/\/creative-europe.lu\/wp-includes\/js\/wp-embed.min.js\n<\/script>\n","thumbnail_url":"https:\/\/creative-europe.lu\/wp-content\/uploads\/2025\/10\/Visual_LIT_Banner_-for_Frankfurter_Buchmesse1.png","thumbnail_width":560,"thumbnail_height":270,"description":"L&rsquo;appel CREA-CULT-2026-LIT a \u00e9t\u00e9 publi\u00e9 le 15 octobre 2025 et restera ouvert jusqu&rsquo;au 29 janvier 2026. Il vise \u00e0\u00a0traduire, publier, distribuer et\u00a0promouvoir les \u0153uvres litt\u00e9raires de fiction, en\u00a0renfor\u00e7ant la circulation transnationale, la diversit\u00e9 des \u0153uvres litt\u00e9raires europ\u00e9ennes, la comp\u00e9titivit\u00e9 du secteur du livre, la coop\u00e9ration au sein de la cha\u00eene du livre, en atteignant de [&hellip;]"}

Webinaire | Circulation des oeuvres littéraires européennes - Creative Europe

<blockquote class="wp-embedded-content" data-secret="iGlBcF1URx"><a href="https://creative-europe.lu/fr/event/webinaire-circulation-des-oeuvres-litteraires-europeennes/">Webinaire | Circulation des oeuvres littéraires européennes</a></blockquote><iframe sandbox="allow-scripts" security="restricted" src="https://creative-europe.lu/fr/event/webinaire-circulation-des-oeuvres-litteraires-europeennes/embed/#?secret=iGlBcF1URx" width="600" height="338" title="« Webinaire | Circulation des oeuvres littéraires européennes » &#8212; Creative Europe" data-secret="iGlBcF1URx" frameborder="0" marginwidth="0" marginheight="0" scrolling="no" class="wp-embedded-content"></iframe><script>
/*! This file is auto-generated */
!function(d,l){"use strict";l.querySelector&&d.addEventListener&&"undefined"!=typeof URL&&(d.wp=d.wp||{},d.wp.receiveEmbedMessage||(d.wp.receiveEmbedMessage=function(e){var t=e.data;if((t||t.secret||t.message||t.value)&&!/[^a-zA-Z0-9]/.test(t.secret)){for(var s,r,n,a=l.querySelectorAll('iframe[data-secret="'+t.secret+'"]'),o=l.querySelectorAll('blockquote[data-secret="'+t.secret+'"]'),c=new RegExp("^https?:$","i"),i=0;i<o.length;i++)o[i].style.display="none";for(i=0;i<a.length;i++)s=a[i],e.source===s.contentWindow&&(s.removeAttribute("style"),"height"===t.message?(1e3<(r=parseInt(t.value,10))?r=1e3:~~r<200&&(r=200),s.height=r):"link"===t.message&&(r=new URL(s.getAttribute("src")),n=new URL(t.value),c.test(n.protocol))&&n.host===r.host&&l.activeElement===s&&(d.top.location.href=t.value))}},d.addEventListener("message",d.wp.receiveEmbedMessage,!1),l.addEventListener("DOMContentLoaded",function(){for(var e,t,s=l.querySelectorAll("iframe.wp-embedded-content"),r=0;r<s.length;r++)(t=(e=s[r]).getAttribute("data-secret"))||(t=Math.random().toString(36).substring(2,12),e.src+="#?secret="+t,e.setAttribute("data-secret",t)),e.contentWindow.postMessage({message:"ready",secret:t},"*")},!1)))}(window,document);
//# sourceURL=https://creative-europe.lu/wp-includes/js/wp-embed.min.js
</script>

L&rsquo;appel CREA-CULT-2026-LIT a été publié le 15 octobre 2025 et restera ouvert jusqu&rsquo;au 29 janvier 2026. Il vise à traduire, publier, distribuer et promouvoir les œuvres littéraires de fiction, en renforçant la circulation transnationale, la diversité des œuvres littéraires européennes, la compétitivité du secteur du livre, la coopération au sein de la chaîne du livre, en atteignant de [&hellip;]
