{"version":"1.0","provider_name":"Creative Europe","provider_url":"https:\/\/creative-europe.lu\/fr\/","author_name":"Julie Mathieu","author_url":"https:\/\/creative-europe.lu\/fr\/author\/julie\/","title":"Q&A sessions: Europ\u00e4ische Kooperationsprojekte - Creative Europe","type":"rich","width":600,"height":338,"html":"<blockquote class=\"wp-embedded-content\" data-secret=\"KA5IN7gi4D\"><a href=\"https:\/\/creative-europe.lu\/fr\/event\/qa-sessions-europaische-kooperationsprojekte\/\">Q&#038;A sessions: Europ\u00e4ische Kooperationsprojekte<\/a><\/blockquote><iframe sandbox=\"allow-scripts\" security=\"restricted\" src=\"https:\/\/creative-europe.lu\/fr\/event\/qa-sessions-europaische-kooperationsprojekte\/embed\/#?secret=KA5IN7gi4D\" width=\"600\" height=\"338\" title=\"\u00ab\u00a0Q&#038;A sessions: Europ\u00e4ische Kooperationsprojekte\u00a0\u00bb &#8212; Creative Europe\" data-secret=\"KA5IN7gi4D\" frameborder=\"0\" marginwidth=\"0\" marginheight=\"0\" scrolling=\"no\" class=\"wp-embedded-content\"><\/iframe><script>\n\/*! This file is auto-generated *\/\n!function(d,l){\"use strict\";l.querySelector&&d.addEventListener&&\"undefined\"!=typeof URL&&(d.wp=d.wp||{},d.wp.receiveEmbedMessage||(d.wp.receiveEmbedMessage=function(e){var t=e.data;if((t||t.secret||t.message||t.value)&&!\/[^a-zA-Z0-9]\/.test(t.secret)){for(var s,r,n,a=l.querySelectorAll('iframe[data-secret=\"'+t.secret+'\"]'),o=l.querySelectorAll('blockquote[data-secret=\"'+t.secret+'\"]'),c=new RegExp(\"^https?:$\",\"i\"),i=0;i<o.length;i++)o[i].style.display=\"none\";for(i=0;i<a.length;i++)s=a[i],e.source===s.contentWindow&&(s.removeAttribute(\"style\"),\"height\"===t.message?(1e3<(r=parseInt(t.value,10))?r=1e3:~~r<200&&(r=200),s.height=r):\"link\"===t.message&&(r=new URL(s.getAttribute(\"src\")),n=new URL(t.value),c.test(n.protocol))&&n.host===r.host&&l.activeElement===s&&(d.top.location.href=t.value))}},d.addEventListener(\"message\",d.wp.receiveEmbedMessage,!1),l.addEventListener(\"DOMContentLoaded\",function(){for(var e,t,s=l.querySelectorAll(\"iframe.wp-embedded-content\"),r=0;r<s.length;r++)(t=(e=s[r]).getAttribute(\"data-secret\"))||(t=Math.random().toString(36).substring(2,12),e.src+=\"#?secret=\"+t,e.setAttribute(\"data-secret\",t)),e.contentWindow.postMessage({message:\"ready\",secret:t},\"*\")},!1)))}(window,document);\n\/\/# sourceURL=https:\/\/creative-europe.lu\/wp-includes\/js\/wp-embed.min.js\n<\/script>\n","thumbnail_url":"https:\/\/creative-europe.lu\/wp-content\/uploads\/2025\/01\/Visual_COOP2025.jpg","thumbnail_width":993,"thumbnail_height":563,"description":"Ein Angebot der Creative Europe Desks Culture aus Liechtenstein, Luxemburg, \u00d6sterreich und Deutschland Sie wollen die aktuelle Ausschreibung im F\u00f6rderbereich Europ\u00e4ische Kooperationsprojetke nutzen und einen Antrag bis zum 13. Mai 2025 stellen? Dann sind unsere Q&amp;A Sessions genau das richtige f\u00fcr Sie: ab Mitte Februar beantworten wir donnerstags Ihre Fragen w\u00e4hrend einer unserer Q&amp;A Sessions. [&hellip;]"}

Q&A sessions: Europäische Kooperationsprojekte - Creative Europe

<blockquote class="wp-embedded-content" data-secret="KA5IN7gi4D"><a href="https://creative-europe.lu/fr/event/qa-sessions-europaische-kooperationsprojekte/">Q&#038;A sessions: Europäische Kooperationsprojekte</a></blockquote><iframe sandbox="allow-scripts" security="restricted" src="https://creative-europe.lu/fr/event/qa-sessions-europaische-kooperationsprojekte/embed/#?secret=KA5IN7gi4D" width="600" height="338" title="« Q&#038;A sessions: Europäische Kooperationsprojekte » &#8212; Creative Europe" data-secret="KA5IN7gi4D" frameborder="0" marginwidth="0" marginheight="0" scrolling="no" class="wp-embedded-content"></iframe><script>
/*! This file is auto-generated */
!function(d,l){"use strict";l.querySelector&&d.addEventListener&&"undefined"!=typeof URL&&(d.wp=d.wp||{},d.wp.receiveEmbedMessage||(d.wp.receiveEmbedMessage=function(e){var t=e.data;if((t||t.secret||t.message||t.value)&&!/[^a-zA-Z0-9]/.test(t.secret)){for(var s,r,n,a=l.querySelectorAll('iframe[data-secret="'+t.secret+'"]'),o=l.querySelectorAll('blockquote[data-secret="'+t.secret+'"]'),c=new RegExp("^https?:$","i"),i=0;i<o.length;i++)o[i].style.display="none";for(i=0;i<a.length;i++)s=a[i],e.source===s.contentWindow&&(s.removeAttribute("style"),"height"===t.message?(1e3<(r=parseInt(t.value,10))?r=1e3:~~r<200&&(r=200),s.height=r):"link"===t.message&&(r=new URL(s.getAttribute("src")),n=new URL(t.value),c.test(n.protocol))&&n.host===r.host&&l.activeElement===s&&(d.top.location.href=t.value))}},d.addEventListener("message",d.wp.receiveEmbedMessage,!1),l.addEventListener("DOMContentLoaded",function(){for(var e,t,s=l.querySelectorAll("iframe.wp-embedded-content"),r=0;r<s.length;r++)(t=(e=s[r]).getAttribute("data-secret"))||(t=Math.random().toString(36).substring(2,12),e.src+="#?secret="+t,e.setAttribute("data-secret",t)),e.contentWindow.postMessage({message:"ready",secret:t},"*")},!1)))}(window,document);
//# sourceURL=https://creative-europe.lu/wp-includes/js/wp-embed.min.js
</script>

Ein Angebot der Creative Europe Desks Culture aus Liechtenstein, Luxemburg, Österreich und Deutschland Sie wollen die aktuelle Ausschreibung im Förderbereich Europäische Kooperationsprojetke nutzen und einen Antrag bis zum 13. Mai 2025 stellen? Dann sind unsere Q&amp;A Sessions genau das richtige für Sie: ab Mitte Februar beantworten wir donnerstags Ihre Fragen während einer unserer Q&amp;A Sessions. [&hellip;]
