{"version":"1.0","provider_name":"Creative Europe","provider_url":"https:\/\/creative-europe.lu\/fr\/","author_name":"admin","author_url":"https:\/\/creative-europe.lu\/fr\/author\/admin_tk404ywg\/","title":"Actualit\u00e9s et appels - Creative Europe","type":"rich","width":600,"height":338,"html":"<blockquote class=\"wp-embedded-content\" data-secret=\"QA426qPCj4\"><a href=\"https:\/\/creative-europe.lu\/fr\/actualites\/\">Actualit\u00e9s et appels<\/a><\/blockquote><iframe sandbox=\"allow-scripts\" security=\"restricted\" src=\"https:\/\/creative-europe.lu\/fr\/actualites\/embed\/#?secret=QA426qPCj4\" width=\"600\" height=\"338\" title=\"\u00ab\u00a0Actualit\u00e9s et appels\u00a0\u00bb &#8212; Creative Europe\" data-secret=\"QA426qPCj4\" frameborder=\"0\" marginwidth=\"0\" marginheight=\"0\" scrolling=\"no\" class=\"wp-embedded-content\"><\/iframe><script>\n\/*! This file is auto-generated *\/\n!function(d,l){\"use strict\";l.querySelector&&d.addEventListener&&\"undefined\"!=typeof URL&&(d.wp=d.wp||{},d.wp.receiveEmbedMessage||(d.wp.receiveEmbedMessage=function(e){var t=e.data;if((t||t.secret||t.message||t.value)&&!\/[^a-zA-Z0-9]\/.test(t.secret)){for(var s,r,n,a=l.querySelectorAll('iframe[data-secret=\"'+t.secret+'\"]'),o=l.querySelectorAll('blockquote[data-secret=\"'+t.secret+'\"]'),c=new RegExp(\"^https?:$\",\"i\"),i=0;i<o.length;i++)o[i].style.display=\"none\";for(i=0;i<a.length;i++)s=a[i],e.source===s.contentWindow&&(s.removeAttribute(\"style\"),\"height\"===t.message?(1e3<(r=parseInt(t.value,10))?r=1e3:~~r<200&&(r=200),s.height=r):\"link\"===t.message&&(r=new URL(s.getAttribute(\"src\")),n=new URL(t.value),c.test(n.protocol))&&n.host===r.host&&l.activeElement===s&&(d.top.location.href=t.value))}},d.addEventListener(\"message\",d.wp.receiveEmbedMessage,!1),l.addEventListener(\"DOMContentLoaded\",function(){for(var e,t,s=l.querySelectorAll(\"iframe.wp-embedded-content\"),r=0;r<s.length;r++)(t=(e=s[r]).getAttribute(\"data-secret\"))||(t=Math.random().toString(36).substring(2,12),e.src+=\"#?secret=\"+t,e.setAttribute(\"data-secret\",t)),e.contentWindow.postMessage({message:\"ready\",secret:t},\"*\")},!1)))}(window,document);\n\/\/# sourceURL=https:\/\/creative-europe.lu\/wp-includes\/js\/wp-embed.min.js\n<\/script>\n","description":"[vc_row full_width=\u00a0\u00bbstretch_row\u00a0\u00bb content_placement=\u00a0\u00bbmiddle\u00a0\u00bb parallax=\u00a0\u00bbcontent-moving-fade\u00a0\u00bb parallax_image=\u00a0\u00bb38&Prime; el_class=\u00a0\u00bboverlay-gradient\u00a0\u00bb css=\u00a0\u00bb.vc_custom_1637333571104{padding-top: 20% !important;}\u00a0\u00bb][vc_column width=\u00a0\u00bb2\/3&Prime;][vc_custom_heading source=\u00a0\u00bbpost_title\u00a0\u00bb font_container=\u00a0\u00bbtag:h4|text_align:left\u00a0\u00bb google_fonts=\u00a0\u00bbfont_family:Roboto%3A100%2C100italic%2C300%2C300italic%2Cregular%2Citalic%2C500%2C500italic%2C700%2C700italic%2C900%2C900italic|font_style:100%20light%20regular%3A100%3Anormal\u00a0\u00bb][\/vc_column][vc_column width=\u00a0\u00bb1\/3&Prime; offset=\u00a0\u00bbvc_hidden-xs\u00a0\u00bb][\/vc_column][\/vc_row][vc_row content_placement=\u00a0\u00bbtop\u00a0\u00bb][vc_column el_class=\u00a0\u00bbmobile-pt-0&Prime;][vc_column_text]Restez inform\u00e9s et suivez les derni\u00e8res actualit\u00e9s sur les opportunit\u00e9s de financement, la politique culturelle europ\u00e9enne, les appels et les dates limites, les projets soutenus par Creative Europe, les r\u00e9seaux europ\u00e9ens, et bien plus encore ! Jetez un coup [&hellip;]","thumbnail_url":"https:\/\/creative-europe.lu\/wp-content\/uploads\/2021\/12\/ce_desklux_blue_logo.png","thumbnail_width":2476,"thumbnail_height":527}

Actualités et appels - Creative Europe

<blockquote class="wp-embedded-content" data-secret="QA426qPCj4"><a href="https://creative-europe.lu/fr/actualites/">Actualités et appels</a></blockquote><iframe sandbox="allow-scripts" security="restricted" src="https://creative-europe.lu/fr/actualites/embed/#?secret=QA426qPCj4" width="600" height="338" title="« Actualités et appels » &#8212; Creative Europe" data-secret="QA426qPCj4" frameborder="0" marginwidth="0" marginheight="0" scrolling="no" class="wp-embedded-content"></iframe><script>
/*! This file is auto-generated */
!function(d,l){"use strict";l.querySelector&&d.addEventListener&&"undefined"!=typeof URL&&(d.wp=d.wp||{},d.wp.receiveEmbedMessage||(d.wp.receiveEmbedMessage=function(e){var t=e.data;if((t||t.secret||t.message||t.value)&&!/[^a-zA-Z0-9]/.test(t.secret)){for(var s,r,n,a=l.querySelectorAll('iframe[data-secret="'+t.secret+'"]'),o=l.querySelectorAll('blockquote[data-secret="'+t.secret+'"]'),c=new RegExp("^https?:$","i"),i=0;i<o.length;i++)o[i].style.display="none";for(i=0;i<a.length;i++)s=a[i],e.source===s.contentWindow&&(s.removeAttribute("style"),"height"===t.message?(1e3<(r=parseInt(t.value,10))?r=1e3:~~r<200&&(r=200),s.height=r):"link"===t.message&&(r=new URL(s.getAttribute("src")),n=new URL(t.value),c.test(n.protocol))&&n.host===r.host&&l.activeElement===s&&(d.top.location.href=t.value))}},d.addEventListener("message",d.wp.receiveEmbedMessage,!1),l.addEventListener("DOMContentLoaded",function(){for(var e,t,s=l.querySelectorAll("iframe.wp-embedded-content"),r=0;r<s.length;r++)(t=(e=s[r]).getAttribute("data-secret"))||(t=Math.random().toString(36).substring(2,12),e.src+="#?secret="+t,e.setAttribute("data-secret",t)),e.contentWindow.postMessage({message:"ready",secret:t},"*")},!1)))}(window,document);
//# sourceURL=https://creative-europe.lu/wp-includes/js/wp-embed.min.js
</script>

[vc_row full_width= »stretch_row » content_placement= »middle » parallax= »content-moving-fade » parallax_image= »38&Prime; el_class= »overlay-gradient » css= ».vc_custom_1637333571104{padding-top: 20% !important;} »][vc_column width= »2/3&Prime;][vc_custom_heading source= »post_title » font_container= »tag:h4|text_align:left » google_fonts= »font_family:Roboto%3A100%2C100italic%2C300%2C300italic%2Cregular%2Citalic%2C500%2C500italic%2C700%2C700italic%2C900%2C900italic|font_style:100%20light%20regular%3A100%3Anormal »][/vc_column][vc_column width= »1/3&Prime; offset= »vc_hidden-xs »][/vc_column][/vc_row][vc_row content_placement= »top »][vc_column el_class= »mobile-pt-0&Prime;][vc_column_text]Restez informés et suivez les dernières actualités sur les opportunités de financement, la politique culturelle européenne, les appels et les dates limites, les projets soutenus par Creative Europe, les réseaux européens, et bien plus encore ! Jetez un coup [&hellip;]
